(1 + -2)).
1
-22 + 18 - (-1 + -2)
-1
What is the value of 0 - 10 - (-40 - -29)?
1
Evaluate -3 - 3 - -4 - -4.
2
Evaluate 5 + (3 - 10 - -5).
3
Calculate -3 + -7 + -4 + 4.
-10
Calculate -12 - -7 - -1 - (0 - 3).
-1
Evaluate 8 + -2 + (-6 - -3).
3
Calculate -4 + 6 + (-4 - -2).
0
-13 + 19 + (-5 - 0) + 3
4
0 - ((6 - (7 - 6)) + 1)
-6
Calculate -3 + 0 - (-2 + 2 + -1).
-2
Calculate 3 + (-1 - 3) + -1 + 9.
7
What is -1 + (0 - 2 - 2) + 3?
-2
Calculate -16 + 5 + 0 + 4.
-7
Evaluate (2 - 8) + (-27 - -36).
3
What is 7 - (5 + -2) - 7?
-3
1 + 7 + -18 + 7
-3
Evaluate 2 + -1 + (-4 - -4 - 2).
-1
Calculate 2 + 16 + -22 + -1 + 11.
6
Evaluate 6 - (8 + -6 + -5 - 2).
11
What is (-2 - -1) + (3 - -1) - 6?
-3
Calculate 1 + 5 + -4 + 1.
3
Calculate 0 - (1 + 4 + (-2 - -2)).
-5
(4 - 4) + 1 + -2
-1
Calculate 0 + (1 + 0 - 0) + -6.
-5
Evaluate -5 - (3 + -1 + (-5 - -2)).
-4
Evaluate (1 - (-28 + 10)) + -11.
8
Calculate (5 - (-5 - -14) - -2) + 7.
5
What is -5 + -5 + 6 - -7?
3
-15 + (-6 + 0 - -17)
-4
What is (-1 - -11) + -36 + 31?
5
What is 3 + (-11 - 1) + 4?
-5
Evaluate -4 + (3 - (3 - -1)).
-5
-4 + 9 + (-2 - -1)
4
Calculate 6 + (-2 - (5 - 1)).
0
Evaluate 2 + (7 - 1) + -9.
-1
Calculate (4 - 7 - (2 + -6)) + 2.
3
0 - (4 - 1 - 4) - -4
5
What is -1 + (4 - (0 + 2)) + -5?
-4
Calculate -11 + 9 + -6 + 3.
-5
What is -2 + (2 - 0 - 5)?
-5
What is -3 + -5 + 7 + -12 + 8?
-5
What is the value of -9 + 1 + (0 - -4) + 0?
-4
Evaluate 0 + 7 - (-23 - -35).
-5
What is the value of 2 + 3 + 0 - 2?
3
3 - (5 + 4 + -3)
-3
Calculate -4 + (-1 - (-2 + 2)).
-5
What is 5 - (6 + 1 + -6)?
4
What is the value of (-1 - (6 - (1 - -3))) + 6?
3
What is the value of 2 - (-1 + -2) - (-4 + 3)?
6
What is the value of -4 - -1 - (-1 + -3)?
1
What is 3 - (-4 - ((-5 - 4) + -3))?
-5
What is the value of -1 + 2 - -1 - (-61 + 61)?
2
What is 2 + (8 - 4 - 6 - 3)?
-3
What is 2 - (8 - (-2 + 13))?
5
What is the value of 4 - -3 - (4 - (3 + -1))?
5
Evaluate -1 + (-1 - -8) + -1.
5
(8 + -6 - 5 - -6) + -9
-6
2 + -2 - (-3 + -2 - -3)
2
What is (2 - 5) + 0 - (4 - 2)?
-5
2 + -11 - (3 - 9)
-3
Calculate -3 + (1 - 2) - (-8 + 1).
3
What is the value of -3 - -1 - (-16 - -20)?
-6
1 - 4 - (-4 - (0 - 2))
-1
Calculate -2 - (1 + -3 - (-2 - -3)).
1
1 - (-5 - -2) - (-1 + 0)
5
Evaluate 8 + -2 + (-1 - 0).
5
Calculate 4 - (6 + 4 + -4 - -3).
-5
What is (6 - 0) + (14 - 20)?
0
10 + -15 - ((-6 - -2) + 2)
-3
2 - (-6 + 0 + 3) - 2
3
9 + -2 + -4 + (-1 - -1)
3
What is the value of 3 - (2 + 1 + 2 + -4)?
2
-1 + 1 + -1 + 15 + -11
3
What is the value of 1 + -3 - (-29 - -24)?
3
Evaluate (-10 - -18 - 2) + 1.
7
1 - -4 - 4 - (0 - 0)
1
Calculate -1 + -2 + 0 + (4 - 3).
-2
7 + -5 + (11 - 4)
9
Calculate -4 + 4 + 1 + 4.
5
Evaluate (1 - -24) + -9 - 12.
4
What is the value of 2 - 16 - (37 + -49)?
-2
Evaluate 15 - 11 - (-1 - -8).
-3
What is 1 + 5 + -17 + 5?
-6
(18 + 0 - 9) + -3
6
Evaluate -5 - (9 - 13) - (-1 + -4).
4
3 + -5 + -2 + (0 - -1)
-3
Evaluate -3 - 2 - (-8 - (-3 + 4)).
4
Evaluate -4 - (5 + -7 + 1).
-3
Evaluate (12 - 10 - 2) + (0 - 0).
0
Calculate 0 + (2 - 10) + 6.
-2
What is 2 + -1 + -3 + 3 + -2?
-1
What is (-3 - 1) + (-4 - 3) + 7?
-4
Evaluate (6 - -2) + (-9 - -7).
6
Calculate 12 + -6 + 3 - 2.
7
22 - 20 - 10 - (-1 + 1)
-8
(22 + 7 - 12) + -11
6
What is the value of (-16 - -15) + (6 - 1)?
4
Evaluate 12 + -13 - (0 + (-3 - 0)).
2
Calculate 2 + -1 + (46 - 49).
-2
3 - (3 - 5 - -3)
2
Evaluate (-1 - -1) + 0 + 2.
2
-6 - (-16 - -7) - (-1 - -1)
3
Evaluate -10 + 3 + 4 + (1 - 4).
-6
Evaluate (11 - 15 - -5) + 6 + 0.
7
What is 5 + (-2 + -13 - -1 - -6)?
-3
Evaluate -6 + (-1 - -5 - (17 - 24)).
5
Evaluate 3 - (-1 - -7) - (-2 + 3).
-4
2 - 2 - -2 - 3
-1
Evaluate 14 - (12 + 3 + -2).
1
What is the value of 8 + (0 - 0) + 28 + -32?
4
Evaluate 10 + -2 + -11 + (-2 - -5).
0
What is the value of (-7 + 4 - -8 - 11) + 7?
1
-1 + -2 - (7 + -5)
-5
Calculate (5 - 3) + (0 - -6 - 3).
5
What is (-8 - 0 - -6) + -3?
-5
What is -2 - 2 - -1 - -4?
1
Evaluate -3 + (2 - -2) + -1.
0
-6 + 1 + (-7 - 0 - -9)
-3
Calculate -6 + 1 + (3 - 3).
-5
2 + (-2 - (4 + -5))
1
Evaluate 52 + -55 + (2 - -1).
0
What is the value of (-3 + 1 - 0) + 1 + 1?
0
Evaluate 4 - (5 + 0 + 2).
-3
What is -35 - -40 - (3 - -1) - -6?
7
What is the value of -2 + -5 + 3 - (-2 + 1)?
-3
-1 + 0 - -5 - 0 - 10
-6
(-1 - -2) + 3 + -2 + 3
5
Evaluate -15 + 2 + (-10 - -27).
4
2 + (9 - 3 - 7) - 5
-4
Calculate -4 - (-5 + 1 - 1 - -3).
-2
Calculate -1 + 2 + 5 - 5.
1
Calculate -1 + (-5 - (2 + -5)).
-3
Evaluate -2 + (-14 - -9) - (-7 + -2).
2
What is the value of 9 + -2 + -6 - 2?
-1
10 - (16 + -7 + 5)
-4
What is the value of -2 + (2 + -2 - -1)?
-1
Calculate -5 - ((9 - 7) + -13).
6
Evaluate -6 - -4 - (8 + (-12 - 7)).
9
6 + (-1 - 9) + 15 + -17
-6
Calculate -1 - 0 - (-11 + (4 - -2)).
4
Evaluate -12 - -16 - (1 - 1).
4
6 - (9 + (11 - 20))
6
Calculate -2 - (-6 + (12 - 4 - -3)).
-7
Evaluate 0 - -1 - (-2 - 13 - -14).
2
Calculate 3 - (-4 + 3 + -1 + 1).
4
-13 - -3 - (12 + -20)
-2
((-1 - -3) + -2 - -2) + -3
-1
Calculate 8 + (15 - 8) + -19 - -11.
7
What is -1 + 1 - 2 - 2?
-4
Evaluate 0 - (-4 + 1 - (14 - 14)).
3
Evaluate 30 + -27 - (-1 - (1 - 3)).
2
3 - 7 - (-8 + 1)
3
(65 - 70) + (-2 - -3) + 13
9
-1 + (-5 - (0 + -1))
-5
What is the value of -1 - 0 - (-33 + 32)?
0
Calculate 18 + (-6 - -2) - 7.
7
Calculate -3 - (0 + -1) - 0 - 3.
-5
What is (4 - 1) + -34 + 32?
1
What is -3 - ((-9 - -3) + -2)?
5
Evaluate 4 - -2 - (-1 + 1 + 5).
1
-6 + 7 + (0 - 3)
-2
What is the value of -3 - (1 + 0 + 1)?
-5
Calculate 1 + -1 + -4 - (-66 - -60).
2
What is 0 - 4 - (1 + -2 - -1)?
-4
0 + (7 - 0) + (-25 - -22)
4
What is 10 + (7 - 5) + -3?
9
5 + -8 + 0 + 6
3
3 + (0 + 2 - (2 + -2))
5
What is 3 + -4 + -3 + 0?
-4
What is (-7 - -4) + -1 - -3?
-1
24 + -31 - (-1 - (-1 - -3))
-4
What is 2 - 0 - (2 + (2 - 5))?
3
(12 - 5) + -9 + 2 + -1
-1
-7 - -8 - (3 + 1 + 0)
-3
Calculate 1 - (-2 + 7 + (10 - 13)).
-1
9 - (6 + 0 + 2)
1
Calculate (-5 - 3) + (3 - (3 + -3)).
-5
Calculate 2 - (7 - (8 + -5 + 0)).
-2
What is -8 - (0 - 4 - (-1 + -1))?
-6
Evaluate -5 + 2 - (-4 - -5) - -5.
1
Evaluate 0 + 3 - (17 + -13).
-1
What is the value of -24 + 9 + -3 + 11?
-7
What is the value of 1 + 0 - -3 - 9?
-5
What is -3 - (-5 + 10 + -2 - 0)?
-6
What is 3 + (1 - 5 - -6) + -2?
3
What is the value of (3 + -2 - (2 + -5)) + -2?
2
Calculate (-1 - 2) + 5 + (-9 - -5).
-2
What is 9 + -1 - 10 - (-2 - -7)?
-7
-1 + 3 + -2 + 0 + -1
-1
What is 2 - ((-6 - -18) + -7)?
-3
6 - (11 + -29 + 13)
11
Evaluate 14 + -2 + -5 + -3.
4
Calculate 8 + -32 + 14 - 0.
-10
Evaluate -2 + 6 + (21 - 18) + -2.
5
Evaluate (0 - (-5 + 3)) + 0.
2
What is the value of -1 + (0 + -5 + 4 - -4)?
2
What is the value of -2 + -13 + (23 - 11)?
-3
What is 2 + -13 - (-1 + -4) - 1?
-7
Calculate (-5 - (-4 + 2)) + (-1 - 1).
-5
What is (-7 - (-7 + 0)) + -1 + 6?
5
(-5 - -9) + 1 + -8
-3
What is 1 + 0 + -1 + 2?
2
(1 - -9) + (0 - 0) + -5
5
What is the value of 8 + (-10 - (7 - 13))?
4
(7 - (17 + -8)) + 10
8
What is the value of -5 + 3 + (0 - -5 - 8)?
-5
Evaluate 7 + -5 - (-2 - -1) - 4.
-1
What is -235 + 229 - (2 + -5 + 0)?
-3
0 + 0 + -1 + (7 - 12)
-6
What is the value of 12 + 7 + -21 + (-3 - -11)?
6
What is -4 - 0 - (14 + -11)?
-7
Calculate 3 + 1 + -46 + 37.
-5
Evaluate 3 + -10 - (0 + -5).
-2
Calculate (6 - 5) + -4 - 0.
-3
What is -2 - (27 - 12) - -9?
-8
What is 1 + -2 - (-10 + 8 + 0)?
1
What is (1 - 2) + 0 + (-6 - -3)?
-4
Calculate -4 + (-5 - -4) + 1.
-4
What is the value of (-1 - (-7 + 4)) + -2 - -1?
1
What is 1 + -2 + (0 - -5) + -4?
0
Evaluate 3 + 3 + -1 + -2 + 1.
4
(-5 - -7) + -1 + 1
2
What is 31 + -37 + (10 - 2)?
2
What is -8 + 3 + (-4 - -1) + 3?
-5
What is the value of 5 - (8 + (1 - 5))?
1
What is the value of (5 + -9 - -6) + 0?
2
Calculate 0 + -5 + -1 + 3.
-3
-12 + 12 + -4 + 0
-4
What is the value of 3 - (-2 - (1 - 3))?
3
6 - ((3 - -5) + -5) - -4
7
Calculate 3 + 0 + -5 + 4.
2
-4 - -6 - (-1 + -2)
5
What is (-1 - (1 - -2)) + 3?
-1
What is -3 + (-8 + 5 - -4 - 2)?
-4
Calculate -18 + 10 + -17 + 20.
-5
8 - (7 + (4 - 3))
0
Evaluate 9 + -1 + -4 + -6 + -2.
-4
-149 + 144 - (1 - -1 - 1)
-6
What is the value of 17 + -9 - (13 - 1)?
-4
Calculate 1 + -14 + 8 + 7 + 7.
9
Evaluate (-14 - -13 - (-2 + 3)) + 5.
3
2 + 4 + 5 + -7
4
What is -2 - ((-2 - 1) + 4) - -6?
3
Calculate -4 + -3 + -2 + 5.
-4
9 + 2 + -14 + -5
-8
Calculate 4 + -1 + (-2 - -3).
4
Calculate -4 + -1 - (5 - 11).
1
Calculate (3 - 17) + (3 - (-4 - -1)).
-8
-10 + (9